45321587?
2
What is the billions digit of 3821558081?
3
What is the ten millions digit of 45955534?
4
What is the tens digit of 23522533?
3
What is the hundreds digit of 65828152?
1
What is the hundred thousands digit of 29336481?
3
What is the hundred millions digit of 217183344?
2
What is the hundred thousands digit of 40378090?
3
What is the ten millions digit of 244169649?
4
What is the ten millions digit of 62860343?
6
What is the hundred thousands digit of 1254709413?
7
What is the tens digit of 137931940?
4
What is the hundred millions digit of 4185929688?
1
What is the thousands digit of 39176173?
6
What is the thousands digit of 64975122?
5
What is the ten thousands digit of 17775168?
7
What is the ten millions digit of 91213550?
9
What is the thousands digit of 134024751?
4
What is the thousands digit of 1557467147?
7
What is the billions digit of 3041769000?
3
What is the hundred millions digit of 341376879?
3
What is the millions digit of 22367152?
2
What is the millions digit of 52082736?
2
What is the ten thousands digit of 147159205?
5
What is the units digit of 192916427?
7
What is the millions digit of 19525327?
9
What is the ten millions digit of 19370511?
1
What is the thousands digit of 53157285?
7
What is the thousands digit of 155382038?
2
What is the ten thousands digit of 173214163?
1
What is the thousands digit of 3674358096?
8
What is the hundred thousands digit of 20684803?
6
What is the billions digit of 1082340714?
1
What is the millions digit of 773799803?
3
What is the ten thousands digit of 2281485581?
8
What is the millions digit of 720862619?
0
What is the millions digit of 92196420?
2
What is the ten millions digit of 91032150?
9
What is the ten millions digit of 1517688953?
1
What is the millions digit of 144997690?
4
What is the hundreds digit of 34624863?
8
What is the tens digit of 5956844056?
5
What is the ten millions digit of 879865763?
7
What is the units digit of 113875012?
2
What is the hundreds digit of 150081444?
4
What is the hundreds digit of 245881012?
0
What is the hundred thousands digit of 6590563378?
5
What is the hundred millions digit of 392380129?
3
What is the millions digit of 27497355?
7
What is the hundreds digit of 2545410302?
3
What is the millions digit of 1151609900?
1
What is the hundred thousands digit of 327712490?
7
What is the millions digit of 63218313?
3
What is the hundreds digit of 121121656?
6
What is the ten thousands digit of 1684641846?
4
What is the ten thousands digit of 1628636785?
3
What is the tens digit of 293591295?
9
What is the ten millions digit of 892953610?
9
What is the units digit of 44756628?
8
What is the tens digit of 126963532?
3
What is the thousands digit of 41702696?
2
What is the tens digit of 184734943?
4
What is the millions digit of 1723764172?
3
What is the billions digit of 2264412296?
2
What is the hundreds digit of 21830766?
7
What is the hundreds digit of 43609197?
1
What is the tens digit of 529508357?
5
What is the thousands digit of 218649496?
9
What is the units digit of 260126060?
0
What is the ten millions digit of 38336000?
3
What is the millions digit of 1483129798?
3
What is the hundred millions digit of 1124498767?
1
What is the hundred millions digit of 563997084?
5
What is the ten millions digit of 680690663?
8
What is the hundred thousands digit of 209503369?
5
What is the thousands digit of 158465113?
5
What is the ten millions digit of 739179763?
3
What is the tens digit of 837594840?
4
What is the ten thousands digit of 267076552?
7
What is the hundred millions digit of 289768336?
2
What is the units digit of 310750254?
4
What is the thousands digit of 298546727?
6
What is the ten millions digit of 814981633?
1
What is the ten thousands digit of 277628619?
2
What is the ten millions digit of 220474490?
2
What is the thousands digit of 7447482?
7
What is the thousands digit of 474535509?
5
What is the ten millions digit of 61065551?
6
What is the tens digit of 3532099386?
8
What is the units digit of 59128534?
4
What is the hundred millions digit of 139056094?
1
What is the thousands digit of 348394930?
4
What is the ten thousands digit of 440816336?
1
What is the ten thousands digit of 4127181158?
8
What is the ten thousands digit of 57573314?
7
What is the hundreds digit of 58232915?
9
What is the hundred millions digit of 976408745?
9
What is the hundreds digit of 4671841?
8
What is the thousands digit of 75875798?
5
What is the hundreds digit of 1005667083?
0
What is the tens digit of 277385931?
3
What is the hundred thousands digit of 393932437?
9
What is the thousands digit of 836129395?
9
What is the tens digit of 30392522?
2
What is the hundred millions digit of 409221784?
4
What is the thousands digit of 203640293?
0
What is the tens digit of 115192746?
4
What is the millions digit of 371682212?
1
What is the hundred millions digit of 192227821?
1
What is the ten thousands digit of 1273292361?
9
What is the hundred thousands digit of 38069219?
0
What is the units digit of 16561679?
9
What is the hundreds digit of 44906636?
6
What is the tens digit of 16800521?
2
What is the ten millions digit of 938520867?
3
What is the thousands digit of 230788384?
8
What is the hundreds digit of 7425935?
9
What is the ten millions digit of 99536544?
9
What is the hundred thousands digit of 87051914?
0
What is the hundred millions digit of 824850136?
8
What is the tens digit of 1585114589?
8
What is the hundred millions digit of 1043989409?
0
What is the tens digit of 378928725?
2
What is the millions digit of 64993803?
4
What is the hundred millions digit of 876287286?
8
What is the hundreds digit of 36529185?
1
What is the hundred millions digit of 246913704?
2
What is the ten thousands digit of 356848445?
4
What is the tens digit of 396094406?
0
What is the tens digit of 121018454?
5
What is the hundred millions digit of 2382354701?
3
What is the ten thousands digit of 920692317?
9
What is the billions digit of 4045054663?
4
What is the ten millions digit of 799971076?
9
What is the ten millions digit of 16445334?
1
What is the hundred thousands digit of 248186228?
1
What is the tens digit of 34639623?
2
What is the tens digit of 274795107?
0
What is the ten thousands digit of 28556302?
5
What is the billions digit of 5275999409?
5
What is the hundred millions digit of 637686500?
6
What is the ten thousands digit of 223969092?
6
What is the ten millions digit of 35134523?
3
What is the millions digit of 9836324993?
6
What is the hundreds digit of 660376967?
9
What is the thousands digit of 8385856044?
6
What is the thousands digit of 2619074769?
4
What is the millions digit of 141146197?
1
What is the millions digit of 44206158?
4
What is the ten thousands digit of 600347462?
4
What is the millions digit of 1089411292?
9
What is the millions digit of 77333280?
7
What is the thousands digit of 3325377?
5
What is the units digit of 76824403?
3
What is the hundred millions digit of 7912039829?
9
What is the units digit of 3284160623?
3
What is the units digit of 2356302018?
8
What is the hundred thousands digit of 772857081?
8
What is the tens digit of 100567142?
4
What is the millions digit of 30922140?
0
What is the units digit of 598830222?
2
What is the hundred millions digit of 132202001?
1
What is the units digit of 15552568?
8
What is the hundreds digit of 126271998?
9
What is the hundred millions digit of 3406098733?
4
What is the tens digit of 98092683?
8
What is the thousands digit of 4404922528?
2
What is the hundreds digit of 3194620885?
8
What is the hundreds digit of 75208718?
7
What is the ten thousands digit of 67895133?
9
What is the millions digit of 342803102?
2
What is the hundreds digit of 2253326438?
4
What is the thousands digit of 995806294?
6
What is the hundreds digit of 4457936132?
1
What is the units digit of 529937704?
4
What is the ten thousands digit of 568897?
6
What is the hundred millions digit of 1782193857?
7
What is the tens digit of 4560577463?
6
What is the thousands digit of 47411704?
1
What is the hundred thousands digit of 5000992071?
9
What is the millions digit of 1071142306?
1
What is the millions digit of 97604254?
7
What is the hundreds digit of 19768679?
6
What is the hundred t